{"id":46,"date":"2022-10-01T18:27:47","date_gmt":"2022-10-01T18:27:47","guid":{"rendered":"https:\/\/stern-weingarten.de\/?page_id=46"},"modified":"2022-10-17T21:03:10","modified_gmt":"2022-10-17T21:03:10","slug":"veranstaltungen","status":"publish","type":"page","link":"https:\/\/stern-weingarten.de\/index.php\/veranstaltungen\/","title":{"rendered":"Veranstaltungen"},"content":{"rendered":"\n<p>Buchen Sie unsere R\u00e4ume f\u00fcr Ihre Anl\u00e4sse, oder f\u00fcr festliche Veranstaltungen und Events. Wir sind in der Lage, ihre individuelle Veranstaltung umzusetzen. Wir realisieren IHR Konzept und k\u00f6nnen daf\u00fcr zwei gro\u00dfe Speises\u00e4le und ein Nebenzimmer bieten.<\/p>\n\n\n\n<figure class=\"wp-block-image size-large\"><img loading=\"lazy\" decoding=\"async\" width=\"1024\" height=\"683\" src=\"https:\/\/stern-weingarten.de\/wp-content\/uploads\/2022\/10\/IMG_7418-1024x683.jpg\" alt=\"\" class=\"wp-image-172\" srcset=\"https:\/\/stern-weingarten.de\/wp-content\/uploads\/2022\/10\/IMG_7418-1024x683.jpg 1024w, https:\/\/stern-weingarten.de\/wp-content\/uploads\/2022\/10\/IMG_7418-300x200.jpg 300w, https:\/\/stern-weingarten.de\/wp-content\/uploads\/2022\/10\/IMG_7418-768x512.jpg 768w, https:\/\/stern-weingarten.de\/wp-content\/uploads\/2022\/10\/IMG_7418-1536x1024.jpg 1536w, https:\/\/stern-weingarten.de\/wp-content\/uploads\/2022\/10\/IMG_7418-2048x1365.jpg 2048w\" sizes=\"auto, (max-width: 767px) 89vw, (max-width: 1000px) 54vw, (max-width: 1071px) 543px, 580px\" \/><\/figure>\n","protected":false},"excerpt":{"rendered":"<p>Buchen Sie unsere R\u00e4ume f\u00fcr Ihre Anl\u00e4sse, oder f\u00fcr festliche Veranstaltungen und Events. Wir sind in der Lage, ihre individuelle Veranstaltung umzusetzen. Wir realisieren IHR Konzept und k\u00f6nnen daf\u00fcr zwei gro\u00dfe Speises\u00e4le und ein Nebenzimmer bieten.<\/p>\n","protected":false},"author":1,"featured_media":0,"parent":0,"menu_order":0,"comment_status":"closed","ping_status":"closed","template":"","meta":{"footnotes":""},"class_list":["post-46","page","type-page","status-publish","hentry"],"_links":{"self":[{"href":"https:\/\/stern-weingarten.de\/index.php\/wp-json\/wp\/v2\/pages\/46","targetHints":{"allow":["GET"]}}],"collection":[{"href":"https:\/\/stern-weingarten.de\/index.php\/wp-json\/wp\/v2\/pages"}],"about":[{"href":"https:\/\/stern-weingarten.de\/index.php\/wp-json\/wp\/v2\/types\/page"}],"author":[{"embeddable":true,"href":"https:\/\/stern-weingarten.de\/index.php\/wp-json\/wp\/v2\/users\/1"}],"replies":[{"embeddable":true,"href":"https:\/\/stern-weingarten.de\/index.php\/wp-json\/wp\/v2\/comments?post=46"}],"version-history":[{"count":3,"href":"https:\/\/stern-weingarten.de\/index.php\/wp-json\/wp\/v2\/pages\/46\/revisions"}],"predecessor-version":[{"id":173,"href":"https:\/\/stern-weingarten.de\/index.php\/wp-json\/wp\/v2\/pages\/46\/revisions\/173"}],"wp:attachment":[{"href":"https:\/\/stern-weingarten.de\/index.php\/wp-json\/wp\/v2\/media?parent=46"}],"curies":[{"name":"wp","href":"https:\/\/api.w.org\/{rel}","templated":true}]}}