{"id":50,"date":"2022-10-01T18:29:25","date_gmt":"2022-10-01T18:29:25","guid":{"rendered":"https:\/\/stern-weingarten.de\/?page_id=50"},"modified":"2022-10-01T18:29:25","modified_gmt":"2022-10-01T18:29:25","slug":"weihnachtsfeiern","status":"publish","type":"page","link":"https:\/\/stern-weingarten.de\/index.php\/weihnachtsfeiern\/","title":{"rendered":"Weihnachtsfeiern"},"content":{"rendered":"\n<p>Teilen Sie uns bitte die Anzahl der Personen rechtzeitig mit: wir besprechen mit Ihnen das Men\u00fc, achten auf besondere Bed\u00fcrfnisse einzelner Mitarbeiterinnen und Mitarbeiter, wie etwa W\u00fcnsche nach veganem Essen oder Allergien, und wir reservieren Ihnen den Festraum, damit Ihre Feier ungest\u00f6rt ist.<\/p>\n","protected":false},"excerpt":{"rendered":"<p>Teilen Sie uns bitte die Anzahl der Personen rechtzeitig mit: wir besprechen mit Ihnen das Men\u00fc, achten auf besondere Bed\u00fcrfnisse einzelner Mitarbeiterinnen und Mitarbeiter, wie etwa W\u00fcnsche nach veganem Essen oder Allergien, und wir reservieren Ihnen den Festraum, damit Ihre Feier ungest\u00f6rt ist.<\/p>\n","protected":false},"author":1,"featured_media":0,"parent":0,"menu_order":0,"comment_status":"closed","ping_status":"closed","template":"","meta":{"footnotes":""},"class_list":["post-50","page","type-page","status-publish","hentry"],"_links":{"self":[{"href":"https:\/\/stern-weingarten.de\/index.php\/wp-json\/wp\/v2\/pages\/50","targetHints":{"allow":["GET"]}}],"collection":[{"href":"https:\/\/stern-weingarten.de\/index.php\/wp-json\/wp\/v2\/pages"}],"about":[{"href":"https:\/\/stern-weingarten.de\/index.php\/wp-json\/wp\/v2\/types\/page"}],"author":[{"embeddable":true,"href":"https:\/\/stern-weingarten.de\/index.php\/wp-json\/wp\/v2\/users\/1"}],"replies":[{"embeddable":true,"href":"https:\/\/stern-weingarten.de\/index.php\/wp-json\/wp\/v2\/comments?post=50"}],"version-history":[{"count":1,"href":"https:\/\/stern-weingarten.de\/index.php\/wp-json\/wp\/v2\/pages\/50\/revisions"}],"predecessor-version":[{"id":51,"href":"https:\/\/stern-weingarten.de\/index.php\/wp-json\/wp\/v2\/pages\/50\/revisions\/51"}],"wp:attachment":[{"href":"https:\/\/stern-weingarten.de\/index.php\/wp-json\/wp\/v2\/media?parent=50"}],"curies":[{"name":"wp","href":"https:\/\/api.w.org\/{rel}","templated":true}]}}