{"id":56,"date":"2022-10-01T18:31:44","date_gmt":"2022-10-01T18:31:44","guid":{"rendered":"https:\/\/stern-weingarten.de\/?page_id=56"},"modified":"2022-10-01T18:31:44","modified_gmt":"2022-10-01T18:31:44","slug":"zentral-am-broner-platz","status":"publish","type":"page","link":"https:\/\/stern-weingarten.de\/index.php\/zentral-am-broner-platz\/","title":{"rendered":"Zentral am Broner Platz"},"content":{"rendered":"\n<p>Direkt am Broner Platz, in direkter Nachbarschaft zu den st\u00e4dtischen Beh\u00f6rden und am Ausgang der Fu\u00dfg\u00e4ngerzone, finden Sie uns. Wir f\u00fchlen uns als Stadtteil-Restaurant in die Gemeinde eingebunden und m\u00f6chten f\u00fcr Sie Anlaufstelle, Wegmarke und Erholungsort sein, kurz &#8211; eine Institution, wie es der &#8222;Stern zu Weingarten&#8220; eben immer und bis heute gewesen ist.<\/p>\n","protected":false},"excerpt":{"rendered":"<p>Direkt am Broner Platz, in direkter Nachbarschaft zu den st\u00e4dtischen Beh\u00f6rden und am Ausgang der Fu\u00dfg\u00e4ngerzone, finden Sie uns. Wir f\u00fchlen uns als Stadtteil-Restaurant in die Gemeinde eingebunden und m\u00f6chten f\u00fcr Sie Anlaufstelle, Wegmarke und Erholungsort sein, kurz &#8211; eine Institution, wie es der &#8222;Stern zu Weingarten&#8220; eben immer und bis heute gewesen ist.<\/p>\n","protected":false},"author":1,"featured_media":0,"parent":0,"menu_order":0,"comment_status":"closed","ping_status":"closed","template":"","meta":{"footnotes":""},"class_list":["post-56","page","type-page","status-publish","hentry"],"_links":{"self":[{"href":"https:\/\/stern-weingarten.de\/index.php\/wp-json\/wp\/v2\/pages\/56","targetHints":{"allow":["GET"]}}],"collection":[{"href":"https:\/\/stern-weingarten.de\/index.php\/wp-json\/wp\/v2\/pages"}],"about":[{"href":"https:\/\/stern-weingarten.de\/index.php\/wp-json\/wp\/v2\/types\/page"}],"author":[{"embeddable":true,"href":"https:\/\/stern-weingarten.de\/index.php\/wp-json\/wp\/v2\/users\/1"}],"replies":[{"embeddable":true,"href":"https:\/\/stern-weingarten.de\/index.php\/wp-json\/wp\/v2\/comments?post=56"}],"version-history":[{"count":1,"href":"https:\/\/stern-weingarten.de\/index.php\/wp-json\/wp\/v2\/pages\/56\/revisions"}],"predecessor-version":[{"id":57,"href":"https:\/\/stern-weingarten.de\/index.php\/wp-json\/wp\/v2\/pages\/56\/revisions\/57"}],"wp:attachment":[{"href":"https:\/\/stern-weingarten.de\/index.php\/wp-json\/wp\/v2\/media?parent=56"}],"curies":[{"name":"wp","href":"https:\/\/api.w.org\/{rel}","templated":true}]}}