{"id":60,"date":"2022-10-03T10:43:05","date_gmt":"2022-10-03T10:43:05","guid":{"rendered":"https:\/\/stern-weingarten.de\/?page_id=60"},"modified":"2022-11-22T00:08:52","modified_gmt":"2022-11-22T00:08:52","slug":"persoenlich-und-freundlich","status":"publish","type":"page","link":"https:\/\/stern-weingarten.de\/index.php\/persoenlich-und-freundlich\/","title":{"rendered":"Pers\u00f6nlich und freundlich"},"content":{"rendered":"\n<p>Wir wollen, dass Sie sich bei uns wohlf\u00fchlen. Darum pflegen wir einen herzlichen und freundlichen Umgangston, sprechen Sie pers\u00f6nlich an und gehen gern auf Ihre W\u00fcnsche ein. Unser freundliches Personal will mit Ihnen von Mensch zu Mensch, freundlich und offen kommunzieren. Wenn etwas Ihnen Sorge macht, etwas nicht gef\u00e4llt oder Sie einen besonderen Wunsch haben, sprechen Sie uns doch an: was wir f\u00fcr Sie tun k\u00f6nnen, werden wir gerne tun.<\/p>\n\n\n\n<figure class=\"wp-block-image size-large\"><img loading=\"lazy\" decoding=\"async\" width=\"748\" height=\"1024\" src=\"https:\/\/stern-weingarten.de\/wp-content\/uploads\/2022\/11\/IMG_7409-scaled-e1669075722576-748x1024.jpg\" alt=\"\" class=\"wp-image-242\" srcset=\"https:\/\/stern-weingarten.de\/wp-content\/uploads\/2022\/11\/IMG_7409-scaled-e1669075722576-748x1024.jpg 748w, https:\/\/stern-weingarten.de\/wp-content\/uploads\/2022\/11\/IMG_7409-scaled-e1669075722576-219x300.jpg 219w, https:\/\/stern-weingarten.de\/wp-content\/uploads\/2022\/11\/IMG_7409-scaled-e1669075722576-768x1051.jpg 768w, https:\/\/stern-weingarten.de\/wp-content\/uploads\/2022\/11\/IMG_7409-scaled-e1669075722576-1122x1536.jpg 1122w, https:\/\/stern-weingarten.de\/wp-content\/uploads\/2022\/11\/IMG_7409-scaled-e1669075722576.jpg 1286w\" sizes=\"auto, (max-width: 706px) 89vw, (max-width: 767px) 82vw, 740px\" \/><\/figure>\n","protected":false},"excerpt":{"rendered":"<p>Wir wollen, dass Sie sich bei uns wohlf\u00fchlen. Darum pflegen wir einen herzlichen und freundlichen Umgangston, sprechen Sie pers\u00f6nlich an und gehen gern auf Ihre W\u00fcnsche ein. Unser freundliches Personal will mit Ihnen von Mensch zu Mensch, freundlich und offen kommunzieren. Wenn etwas Ihnen Sorge macht, etwas nicht gef\u00e4llt oder Sie einen besonderen Wunsch haben, &hellip; <\/p>\n<p class=\"link-more\"><a href=\"https:\/\/stern-weingarten.de\/index.php\/persoenlich-und-freundlich\/\" class=\"more-link\"><span class=\"screen-reader-text\">\u201ePers\u00f6nlich und freundlich\u201c<\/span> weiterlesen<\/a><\/p>\n","protected":false},"author":1,"featured_media":0,"parent":0,"menu_order":0,"comment_status":"closed","ping_status":"closed","template":"","meta":{"footnotes":""},"class_list":["post-60","page","type-page","status-publish","hentry"],"_links":{"self":[{"href":"https:\/\/stern-weingarten.de\/index.php\/wp-json\/wp\/v2\/pages\/60","targetHints":{"allow":["GET"]}}],"collection":[{"href":"https:\/\/stern-weingarten.de\/index.php\/wp-json\/wp\/v2\/pages"}],"about":[{"href":"https:\/\/stern-weingarten.de\/index.php\/wp-json\/wp\/v2\/types\/page"}],"author":[{"embeddable":true,"href":"https:\/\/stern-weingarten.de\/index.php\/wp-json\/wp\/v2\/users\/1"}],"replies":[{"embeddable":true,"href":"https:\/\/stern-weingarten.de\/index.php\/wp-json\/wp\/v2\/comments?post=60"}],"version-history":[{"count":3,"href":"https:\/\/stern-weingarten.de\/index.php\/wp-json\/wp\/v2\/pages\/60\/revisions"}],"predecessor-version":[{"id":243,"href":"https:\/\/stern-weingarten.de\/index.php\/wp-json\/wp\/v2\/pages\/60\/revisions\/243"}],"wp:attachment":[{"href":"https:\/\/stern-weingarten.de\/index.php\/wp-json\/wp\/v2\/media?parent=60"}],"curies":[{"name":"wp","href":"https:\/\/api.w.org\/{rel}","templated":true}]}}