{"id":70,"date":"2022-10-10T18:09:53","date_gmt":"2022-10-10T18:09:53","guid":{"rendered":"https:\/\/stern-weingarten.de\/?page_id=70"},"modified":"2022-11-22T00:05:46","modified_gmt":"2022-11-22T00:05:46","slug":"gastronomie","status":"publish","type":"page","link":"https:\/\/stern-weingarten.de\/index.php\/gastronomie\/","title":{"rendered":"Gastronomie"},"content":{"rendered":"\n<p><a href=\"https:\/\/stern-weingarten.de\/wp-content\/uploads\/2022\/10\/VORSPEISEN.pdf\" data-type=\"attachment\" data-id=\"41\">Unsere Speisekarte<\/a><\/p>\n\n\n\n<p>Als Restaurant verbinden wir eine Vielzahl kulinarischer Traditionen und klassischer Rezepte zu einem stimmigen Gesamt-Angebot. Italienische K\u00fcche beherrschen wir ebenso wie klassische oberschw\u00e4bische Schmankerl. <\/p>\n\n\n\n<figure class=\"wp-block-image size-large\"><img loading=\"lazy\" decoding=\"async\" width=\"1024\" height=\"768\" src=\"https:\/\/stern-weingarten.de\/wp-content\/uploads\/2022\/11\/20220817_181451-1024x768.jpg\" alt=\"\" class=\"wp-image-220\" srcset=\"https:\/\/stern-weingarten.de\/wp-content\/uploads\/2022\/11\/20220817_181451-1024x768.jpg 1024w, https:\/\/stern-weingarten.de\/wp-content\/uploads\/2022\/11\/20220817_181451-300x225.jpg 300w, https:\/\/stern-weingarten.de\/wp-content\/uploads\/2022\/11\/20220817_181451-768x576.jpg 768w, https:\/\/stern-weingarten.de\/wp-content\/uploads\/2022\/11\/20220817_181451-1536x1152.jpg 1536w, https:\/\/stern-weingarten.de\/wp-content\/uploads\/2022\/11\/20220817_181451-2048x1536.jpg 2048w\" sizes=\"auto, (max-width: 767px) 89vw, (max-width: 1000px) 54vw, (max-width: 1071px) 543px, 580px\" \/><\/figure>\n\n\n\n<p>Nat\u00fcrlich gibt es bei uns den typischen &#8222;deutschen Dreiklang&#8220; aus Fleisch, Gem\u00fcse und S\u00e4ttigungsbeilage, der schon in den grimmschen M\u00e4rchen so vorkommt. Wir denken uns aber auch gern mal ein v\u00f6llig neues Gericht aus, das Sie so nirgendwo anders bekommen, ganz besonders im Rahmen unseres saisonalen Angebotes.<\/p>\n\n\n\n<figure class=\"wp-block-image size-full\"><img loading=\"lazy\" decoding=\"async\" width=\"880\" height=\"558\" src=\"https:\/\/stern-weingarten.de\/wp-content\/uploads\/2022\/10\/shrimps.jpg\" alt=\"\" class=\"wp-image-146\" srcset=\"https:\/\/stern-weingarten.de\/wp-content\/uploads\/2022\/10\/shrimps.jpg 880w, https:\/\/stern-weingarten.de\/wp-content\/uploads\/2022\/10\/shrimps-300x190.jpg 300w, https:\/\/stern-weingarten.de\/wp-content\/uploads\/2022\/10\/shrimps-768x487.jpg 768w\" sizes=\"auto, (max-width: 767px) 89vw, (max-width: 1000px) 54vw, (max-width: 1071px) 543px, 580px\" \/><figcaption class=\"wp-element-caption\">Shrimp Teller<\/figcaption><\/figure>\n","protected":false},"excerpt":{"rendered":"<p>Unsere Speisekarte Als Restaurant verbinden wir eine Vielzahl kulinarischer Traditionen und klassischer Rezepte zu einem stimmigen Gesamt-Angebot. Italienische K\u00fcche beherrschen wir ebenso wie klassische oberschw\u00e4bische Schmankerl. Nat\u00fcrlich gibt es bei uns den typischen &#8222;deutschen Dreiklang&#8220; aus Fleisch, Gem\u00fcse und S\u00e4ttigungsbeilage, der schon in den grimmschen M\u00e4rchen so vorkommt. Wir denken uns aber auch gern mal &hellip; <\/p>\n<p class=\"link-more\"><a href=\"https:\/\/stern-weingarten.de\/index.php\/gastronomie\/\" class=\"more-link\"><span class=\"screen-reader-text\">\u201eGastronomie\u201c<\/span> weiterlesen<\/a><\/p>\n","protected":false},"author":1,"featured_media":0,"parent":0,"menu_order":0,"comment_status":"closed","ping_status":"closed","template":"","meta":{"footnotes":""},"class_list":["post-70","page","type-page","status-publish","hentry"],"_links":{"self":[{"href":"https:\/\/stern-weingarten.de\/index.php\/wp-json\/wp\/v2\/pages\/70","targetHints":{"allow":["GET"]}}],"collection":[{"href":"https:\/\/stern-weingarten.de\/index.php\/wp-json\/wp\/v2\/pages"}],"about":[{"href":"https:\/\/stern-weingarten.de\/index.php\/wp-json\/wp\/v2\/types\/page"}],"author":[{"embeddable":true,"href":"https:\/\/stern-weingarten.de\/index.php\/wp-json\/wp\/v2\/users\/1"}],"replies":[{"embeddable":true,"href":"https:\/\/stern-weingarten.de\/index.php\/wp-json\/wp\/v2\/comments?post=70"}],"version-history":[{"count":5,"href":"https:\/\/stern-weingarten.de\/index.php\/wp-json\/wp\/v2\/pages\/70\/revisions"}],"predecessor-version":[{"id":240,"href":"https:\/\/stern-weingarten.de\/index.php\/wp-json\/wp\/v2\/pages\/70\/revisions\/240"}],"wp:attachment":[{"href":"https:\/\/stern-weingarten.de\/index.php\/wp-json\/wp\/v2\/media?parent=70"}],"curies":[{"name":"wp","href":"https:\/\/api.w.org\/{rel}","templated":true}]}}